 is the remainder when 32 is divided by h?
10
Suppose -5*a - 2 = -4*a. Let x = 1 - a. Suppose -5*f - 14 = -39. Calculate the remainder when f is divided by x.
2
Let c be -2 - (-1*6 - -2). Suppose -4*m - g + 197 = 2*g, -229 = -5*m + c*g. What is the remainder when m is divided by -16*3*(-1)/2?
23
Suppose -2 = 2*x + 5*k - 0, 5*x - 18 = -k. Let y = 1 - 8. Let r = -5 - y. What is the remainder when x is divided by r?
0
Suppose 3*s = 4*s + 4*j, -3*j + 68 = 5*s. Let y(t) = t**2 + 6*t + 9. Let l be 1/(1*(-2)/12). Calculate the remainder when s is divided by y(l).
7
Let n(h) = -h**3 + 7*h**2 - 3*h - 1. Suppose 0*t - 24 = 3*t. What is the remainder when n(6) is divided by 2/t - (-74)/8?
8
Suppose -42 = -4*r - 10. Suppose 5*t = 3*t - 10, 2*a + t = 39. What is the remainder when a is divided by r?
6
Let u = -26 - -38. What is the remainder when 23 is divided by u?
11
Let r be 6/(-8) + (-1)/4. Let k be ((-21)/9 - r)*-3. Suppose 50 = k*b + b. Calculate the remainder when 18 is divided by b.
8
Let u(s) = s**3 - 9*s**2 + 9*s - 4. Suppose m = -4*i - 14, m + 1 = 4*i + 3. Let v = 9 + m. Calculate the remainder when u(8) is divided by v.
1
Let p(o) = 3*o**2 - 70*o - 34. What is the remainder when (-1)/4 - (-442)/8 is divided by p(24)?
13
Suppose 0*z = 3*c - z - 214, -3*c = 4*z - 239. What is the remainder when c is divided by 19?
16
Let l(k) = -18*k - 2. What is the remainder when l(-2) is divided by 13?
8
Let t(v) = v**2 - 3*v + 3. Let h be t(4). Suppose h*u = 2*u + 140. Suppose s = 1 + 9. What is the remainder when u is divided by s?
8
Suppose 2*z = 3*g - 127, -5*g = z - 31 - 159. Calculate the remainder when g is divided by 14.
11
Suppose 0 = 4*k - 4*h - 39 + 3, -20 = 4*h. Suppose l + 2*i = 55 - 11, -k*l + 5*i = -150. Calculate the remainder when l is divided by 14.
12
What is the remainder when (1696/56 - 4/14) + -1 is divided by 17?
12
Suppose -21 = -2*s + 9. What is the remainder when (3 - -1)*215/20 is divided by s?
13
Suppose 5*k + q = 60, -k - q + 8 = -0*k. Suppose 37 = 5*d - k. What is the remainder when 28 is divided by d?
8
Let g(o) = -o**3 - 3*o**2 - 3*o + 3. Let q be g(-5). Suppose s = 5*s - q. Suppose -30*a + 81 = -21*a. What is the remainder when s is divided by a?
8
Let m = -15 - -22. Suppose -27 = 4*r - 7, 0 = 3*g - 3*r - 21. Suppose 56 = 3*k - g*x, -x - 76 = -4*k + x. Calculate the remainder when k is divided by m.
6
Let g(z) = z**3 + 10*z**2 + 7*z - 6. What is the remainder when 21 is divided by g(-9)?
9
Let u(m) = m**2 - 5*m + 4. Calculate the remainder when ((-18)/(-5))/(1/5) is divided by u(6).
8
Let r(o) = o**2 - 2*o + 1. Suppose 0*k + 4*k - 8 = 0. Suppose -6*y - 4*z + 20 = -2*y, 5*y = -4*z + 21. Calculate the remainder when r(k) is divided by y.
0
Let r = -9 + 9. Suppose 0*g - 5*g = r. Suppose g = -3*z + 37 + 5. Calculate the remainder when 39 is divided by z.
11
Let t = 13 - -32. Calculate the remainder when 134 is divided by t.
44
Suppose 4*b = 3*b + 19. Let h(o) = 6*o**2 - o + 5*o**2 + b*o**2. What is the remainder when h(-1) is divided by 11?
9
Suppose 0 = -5*h + 2*h - 6. Let n = 15 + h. Suppose 0 = -5*g + 5*v + 205, g + v - 31 = 2. Calculate the remainder when g is divided by n.
11
Let w be -6*(3/6 - 1). What is the remainder when 21 is divided by (w + 8)/(0 + 1)?
10
Let y(x) = 4*x**2 + x**2 - 2 + 0 + x**2 + 2*x. Calculate the remainder when y(-3) is divided by 16.
14
Let k(c) = 2*c**2 + 6*c - 5. What is the remainder when k(-5) is divided by 9?
6
Suppose -16*g = 4*g - 200. What is the remainder when 49 is divided by g?
9
Let s = 45 + -21. Let v = -10 + s. Let m = -24 - -64. Calculate the remainder when m is divided by v.
12
Suppose -181 - 14 = 3*y. Let w = y + 91. What is the remainder when 102 is divided by w?
24
Suppose -5*d = 20, -5*d - 119 = -5*g - 4. What is the remainder when 74 is divided by g?
17
Suppose 2*q = 3*h + 5, -3*q = 3*h - 10 - 5. Suppose -1 = q*f - 53. What is the remainder when f is divided by 7?
6
Let p = 38 - 26. Let t be (-1)/1*8 - -2. Let j = t + p. Calculate the remainder when 22 is divided by j.
4
Suppose -6*y + 35 = -y. Suppose -4*u + 5 = 5*p, 5*p - 49 = 2*u - 14. Let s = y - p. Calculate the remainder when 4 is divided by s.
0
Let k(i) be the second derivative of -i**5/20 - 2*i**4/3 - i**2 + 11*i. What is the remainder when k(-9) is divided by 20?
19
Let a = 3 + 1. Let x be 4/(-6)*(-1 - 71). Suppose 4*t - 2*q = x, 0 = a*q - 0*q. What is the remainder when 35 is divided by t?
11
Suppose -13 = -3*t + 29. What is the remainder when t is divided by 5?
4
Suppose -y + 21 + 2 = j, -4*j = -4*y + 92. Calculate the remainder when 67 is divided by y.
21
Let n(u) = -4*u**3 - 2*u**2 + 3*u + 2. What is the remainder when n(-2) is divided by 7?
6
Suppose q = 6 + 5. What is the remainder when ((-96)/(-6))/(-2*(-3)/12) is divided by q?
10
Let n(c) = -c. Let d be n(-3). Let o be 45*(1 - 0)/1. What is the remainder when 0/1 + o/d is divided by 6?
3
Let j = -11 + -19. Let m = j - -51. Calculate the remainder when 83 is divided by m.
20
Calculate the remainder when 53 is divided by (-9)/3 + 4 + (19 - 2).
17
Let a(s) = -s**3 - 7*s**2 + 8*s + 7. Let b be (0 - -2)/((-2)/8). Calculate the remainder when (-1 + 2)*1 + 12 is divided by a(b).
6
Suppose 4*n - 5*b - 101 = 0, n + 7*b = 4*b + 21. Suppose 3*w - 37 = 5*v, -w + 0*v + v = -11. What is the remainder when n is divided by w?
6
Let k(m) = 4*m**3 - 5*m**2 - 5*m + 10. Calculate the remainder when k(4) is divided by 14.
12
Suppose 5*a = -3*g + 8*a + 204, -5*g + 352 = a. Let w(l) = -2*l + 6. Calculate the remainder when g is divided by w(-6).
16
Let t(x) = -x**3 - 7*x**2 - 5*x - 1. Let f be t(-6). Let b be 1/5 + 4 + (-5)/25. Let s = b - f. Calculate the remainder when s is divided by 4.
3
Let x(f) = f + 1. Let y be x(-5). Let o = y + 11. Let w(p) = -12*p + 1. Calculate the remainder when w(-1) is divided by o.
6
Let g(x) = 17*x**2 + 23*x - 19. Let k(f) = 8*f**2 + 11*f - 9. Let b(a) = -6*g(a) + 13*k(a). What is the remainder when (25/(-2))/1*-2 is divided by b(-4)?
7
Let g(d) = -4*d**3 - 2*d**2 + 1. Suppose -5*i + 5*r - 7 = 4*r, i = -5*r - 17. Let n be g(i). Calculate the remainder when -2*(1 - -1 - n) is divided by 24.
22
Let d(m) = -21*m - 5. Calculate the remainder when d(-2) is divided by 10.
7
Let t = 12 + 117. What is the remainder when t is divided by 33?
30
Suppose 0 = o - 4*u + 18, -u + 6 = o + u. What is the remainder when ((-3)/(-5))/(o/(-20)) is divided by 4?
2
Let p be ((-2)/(-3))/((-10)/45). What is the remainder when 3 is divided by -1*(p + -1) - 2?
1
Suppose -4*q - 10 - 10 = 0, -y + 4*q + 23 = 0. Suppose 4*i - y - 53 = 0. Calculate the remainder when i is divided by 4.
2
Suppose -5 = 6*x - 119. Calculate the remainder when 74 is divided by x.
17
Let p(x) = -7*x**3 + 8*x + 7. Suppose 0 = 2*a - 3 - 3. Calculate the remainder when p(-1) is divided by a.
0
Let c(j) = 5*j + 4. Calculate the remainder when c(4) is divided by 7.
3
Let d = 87 + -50. Calculate the remainder when 68 is divided by d.
31
Let x(w) = -26*w - 1. Suppose 0*k + k = -5*p + 69, -4*p + 5*k = -32. What is the remainder when x(-1) is divided by p?
12
Let o(x) = x**2 + 4. Let n be o(0). Let a be (-28)/(2 - (0 + n)). Suppose -4*u + 22 = -2*c, -5*u + a = -2*c - 15. What is the remainder when u is divided by 4?
3
Calculate the remainder when 62 is divided by (-4 - -1)/(12/(-64)).
14
Suppose 1 = g, 3*g + 65 + 82 = 2*s. Calculate the remainder when s is divided by 38.
37
What is the remainder when 2/9 + (-2600)/(-45) is divided by 15?
13
Suppose j = 18 - 7. Let l = j + 1. What is the remainder when 34 is divided by l?
10
Let p(s) = s**2 + 5*s + 2. Calculate the remainder when 62 is divided by p(-7).
14
Let c(k) = -k**3 - 10*k**2 + 17*k + 9. Let d be c(-12). Suppose -62 = -5*y + d. Calculate the remainder when y is divided by 16.
15
Let f(j) = 5*j**3 + 2*j**2 + 2*j + 4. Let m(s) = -9*s**3 - 3*s**2 - 4*s - 7. Let b(l) = -7*f(l) - 4*m(l). What is the remainder when 44 is divided by b(3)?
14
Let h = 40 + -20. Let i be h/6 + (-2)/(-3). Suppose -6*t + 108 = -i*t. What is the remainder when t is divided by 14?
12
Calculate the remainder when 111 is divided by (-76)/(-6)*39/26.
16
What is the remainder when 25 is divided by 1 - 26/((-4)/2)?
11
Let k = -13 - -11. Let t(f) = -21*f - 3. Calculate the remainder when t(